 = -2*o - 7*o**3 - 495*o**2 + x + 496*o**2 + g*o. Calculate l(1).
-7
Let h = -2603 - -2601. Let k(v) = 7*v - 5. Calculate k(h).
-19
Let t(q) = -4*q + 222. Suppose 57 = -5*i + j + 344, 161 = 3*i + j. Calculate t(i).
-2
Let h(p) be the first derivative of 99 + 2/3*p**3 - 3*p - 3/2*p**2. Give h(-2).
11
Let l(a) = a**2 - 247*a - 2043. Let q be l(-8). Let i(r) = 16*r**2 + 9*r + 2. Calculate i(q).
119
Let c(k) be the second derivative of -k**5/20 - k**4/2 + k**3/2 + 9*k**2 - 617*k. What is c(-6)?
0
Let p(c) = 188*c + 34. Let o(l) = 87*l + 16. Let x(b) = -13*o(b) + 6*p(b). Let z = 23 - 25. Calculate x(z).
2
Let q(o) = o + 23. Suppose -28 = h - 29, -3*h = -5*c + 517. Suppose 2*y = 72 - c. Calculate q(y).
7
Let p(m) = 10*m + 148. Let b(o) = -26*o**3 - 313*o**2 - 11*o - 3. Let k be b(-12). What is p(k)?
-2
Let r = -301 - -306. Suppose 2*x = 0, -6*x + 3 = -v - 2*x. Let u(b) = 2*b - 5. Let a(k) = k - 3. Let p(q) = r*a(q) + v*u(q). Determine p(4).
-4
Let l(g) = -g**2 + 20*g + 193. Let j be (-1020)/(-30) - 14/(3 - 1). Calculate l(j).
4
Let g(z) = -z + 25. Suppose 5*j - 2*q + 4*q - 10 = 0, -j = -2*q - 14. Let i(m) = 6*m - 24. Let s be i(j). Calculate g(s).
25
Let g(n) = 28*n - 2. Suppose 5*m - 36 = -c, -4*c - 221*m = -224*m + 17. What is g(c)?
26
Suppose 0 = 2*j - k - 7, 4*j - 26 = -2*k - 32. Let i(a) = -33*a**2 + a. What is i(j)?
-32
Let s(r) be the first derivative of 7/2*r**2 + 9*r + 1/3*r**3 + 14. Let l(n) be the first derivative of s(n). Give l(5).
17
Let i be (18/(-21))/(-1) + (2720/28)/(-20). Let k(y) = -3*y + 3. Calculate k(i).
15
Let d(y) = -3*y**2 + y**2 - y**3 - 3*y**2 + 1058*y + 9 - 1056*y. What is d(-6)?
33
Let a(i) = -1 + 42*i + 0 + i**2 - 4*i - 7*i - 28*i. Let x(y) be the third derivative of -y**4/24 - 7*y**3/6 + y**2. Let v be x(-5). What is a(v)?
-3
Let j(i) be the third derivative of i**6/120 - 11*i**5/60 + 7*i**4/12 + i**3/3 + 178*i**2 + 12*i. Calculate j(6).
-94
Let l(j) = -2*j - 1. Let z(x) = x**2 + 27*x - 11. Let n be z(-27). Determine l(n).
21
Let h(f) = 5*f**3 + 2*f**2 - 2*f - 5. Let t = 39 + -35. Let l(k) = -2*k - 3*k**3 + 5*k**3 + 2*k**2 + 4*k**3 - k - 6. Let v(y) = t*l(y) - 5*h(y). Give v(-3).
16
Suppose 2*m + 16 = -4*v + 46, 0 = -5*v - 5*m + 35. Let p(x) be the second derivative of 1/2*x**3 + 0 + 6*x**2 + v*x. Give p(-8).
-12
Let y(t) = -3*t - 82*t**3 + 6 + 39*t**3 + 44*t**3 + 8*t**2. Suppose 44*g - 8 = 45*g. Determine y(g).
30
Let h(k) = k**3 + 8*k**2 - 21*k - 8. Let v be h(-10). Let s(n) = -n**3 + 256*n**v + 2 - 256*n**2 - 3*n + 8*n. What is s(-3)?
14
Let q(v) be the first derivative of 5*v**3 - v**2 - v - 1498. What is q(-2)?
63
Let l(b) = -7*b**2 - b. Let q = -195 + 199. Suppose q*m = -c - 11, m - 5*m - 16 = -4*c. Give l(c).
-8
Let p(o) = -5*o - 12. Suppose 0 = t + 24 - 17. Let f(z) = -6*z - 11. Let x(c) = t*p(c) + 6*f(c). Give x(8).
10
Let a = 2416 - 2412. Let g(m) = m**3 + 3*m**2 - 7*m + 8. Calculate g(a).
92
Let n = 1127 - 1126. Let p = -6 + 8. Let g(d) = 2*d + 5*d**p - 3*d**2 + 8*d**2 - 1. What is g(n)?
11
Let k = -1019 + 1022. Let n(u) be the second derivative of 1/2*u**2 + 12*u + 3/2*u**k + 0. Determine n(2).
19
Let k(x) = x - 4. Let u be (2 - 5)/(-2*3/12). Suppose u*m - 7*m = -8. Calculate k(m).
4
Let u(i) = -i**3 - 8*i**2. Let z be u(-8). Let v(d) = -1 + 0*d + z + 2*d + 0*d. Let p be ((-28)/6 - -2)*225/150. Determine v(p).
-9
Let y = 129 - 253/2. Let i(z) be the second derivative of 0 - 1/12*z**4 - y*z**2 + 15*z - 7/6*z**3. Calculate i(-4).
7
Let d(o) be the third derivative of -o**5/15 + 7*o**4/24 + 5*o**3/6 + 3090*o**2. Calculate d(4).
-31
Let k(f) = -f**3 + 4*f**2 + 4*f + 7. Let l be k(5). Let j(b) = 2*b**l - 167*b + 167*b. Let i = 1364 + -1363. What is j(i)?
2
Let x = 9803 - 9811. Let c(t) = t**3 + 4*t**2 - 35*t - 19. Give c(x).
5
Let o(r) = r**2 - 16*r + 70. Let b be o(8). Let v(z) = -b*z**2 - 112271 + 112271 + z**3 - 8*z. Give v(7).
-7
Let t = -158 - -198. Let z be (-1 - (-45)/t) + (-33)/8. Let q(p) = p**3 + 4*p**2 + p + 3. What is q(z)?
-1
Let r = -4 + 12. Let c be r*5/(-50)*-25. Let y(t) = c - 2*t**3 - 8 - 13. Determine y(-1).
1
Let r(w) = -11*w + 190. Let g = 24439 - 24422. Determine r(g).
3
Let h(d) be the first derivative of 7*d**2/2 + 2*d - 8. Suppose -2*v - 2*o = -30, -8*v + 4*v + 69 = -5*o. Suppose 21*f - 26 = v. Give h(f).
16
Let s = 220 - 213. Let l(h) be the second derivative of -h**4/12 + 7*h**3/6 + 5*h**2/2 + 11*h. Calculate l(s).
5
Let u(n) be the first derivative of 102 + 1/4*n**4 + 25*n + 0*n**2 - 1/3*n**3. Give u(0).
25
Let d(z) be the second derivative of z**3/6 - 5*z**2/2 - 27*z. Let p be (-6)/36 + (-67)/(-6). What is d(p)?
6
Let c(d) = -27*d**3 + d + 1. Let j(k) = -136*k**3 - 16*k**2 + 17*k - 3. Let z(y) = -5*c(y) + j(y). Calculate z(-17).
77
Let m(j) = 38*j + 0*j**3 - 60*j + 13*j**2 - j**3 + 5. Let g be m(11). Let v(d) = -d**2 + 14*d + 9*d - 20*d + g*d - 6. Give v(5).
9
Let v(c) be the third derivative of c**6/120 + c**5/6 - c**4/2 - c**3/3 + 77908*c**2. Let o = 16 + -27. Calculate v(o).
9
Let c(m) = -m**2 - 9*m + 4. Suppose 32 = -8*b + 16*b. Suppose 26 + 31 = -5*x - b*p, 33 = -5*x + 4*p. Give c(x).
4
Let q be (-26)/(-7) - (-40)/140. Suppose -3*z - 5 = 4. Let s be ((-3)/2)/z + (-2)/q. Let a(r) = -r**2 + 8. What is a(s)?
8
Let c(k) be the third derivative of -k**5/60 - 17*k**4/24 - 17*k**3/3 - 2*k**2 + 31072. Suppose 2*h = 3*y - y - 26, 0 = -3*h + y - 43. Give c(h).
-4
Suppose 5*j + 4358 = 5*k + 4453, 0 = -j - 5*k + 13. Let p(r) = -r**3 + 18*r**2 - 7*r + 124. Give p(j).
-2
Let j be 4 + (-17)/4 + 767/(-52). Let v(o) = -3*o - 9. Calculate v(j).
36
Let h be (12/3)/8*14. Let z be (3 + (-24)/h)/((-28)/588). Let s(g) = g + 11*g**2 - 2*g**2 - 2*g**3 + g**3. Give s(z).
9
Let g(c) be the second derivative of -2*c**3/3 - 65*c**2/2 - 3*c - 664. Calculate g(-6).
-41
Let b(w) = w**3 + 2*w**2 - 3. Let z be 3 + 16/((-208)/(-221)). Let m(r) = -7*r - 5. Let d be m(-4). Let o = z - d. Give b(o).
-12
Let b(z) = -z**3 - 2*z**2 + z - 2. Suppose -w - 15 = 3*h + 2*w, 2*h = 5*w - 38. Let m be 6/h + (-24)/(-9). Suppose 5*v = -17 + m. Determine b(v).
4
Let k(m) = -m - 1. Suppose 3*q = 3*t - 30, 37 = 4*t + 3*q - 6*q. Suppose -4 = -t*b - 39. What is k(b)?
4
Let c = -158 + 153. Let x(l) = l + 1. Let p(b) = 6*b + 9. Let g(h) = c*x(h) + p(h). Give g(-2).
2
Let s(z) = -8*z. Let h(j) = -7*j. Let i(w) = 6*h(w) - 5*s(w). Let g be 3/27 - (-561)/297. Suppose g*c + k - 8 = 0, 0 = -c - 0*c - 3*k - 6. Determine i(c).
-12
Let c(x) = 0*x + 4 - 5 - 1 - 6*x - 5. Determine c(11).
-73
Let w = 1645 + -1645. Let p(j) = -j - 27. What is p(w)?
-27
Suppose 16*c = -2 + 18. Let l(h) = 34*h**2 - h + 4. Let m(z) = -70*z**2 + 2*z - 9. Let j(i) = -7*l(i) - 3*m(i). Give j(c).
-28
Let k be (14 + -4)*(-2)/4. Suppose -9 = 5*y - 29. Let h(n) = -7*n + n + 3 + n + y*n. What is h(k)?
8
Let k(g) = 2*g - 7. Suppose 10*n = 275 - 215. Give k(n).
5
Let a = -2439 + 2446. Let b(p) = -p**3 + 8*p**2 - 9*p - 10. Calculate b(a).
-24
Let u(f) = -f**3 - 2*f**2 + 4*f - 2. Let k be 4/(-2)*((-49)/(-2) + 0). Let s = -43 + 94. Let i = k + s. Determine u(i).
-10
Let a(y) be the first derivative of 5*y**3/3 - y - 10. Suppose -14 - 19 - 1 = -34*p. Calculate a(p).
4
Let m(t) = -13*t - 1. Suppose -45 = -10*u - 15. Suppose -3*c - 4 = 4*g - 3, -u*g - 3*c = 0. Calculate m(g).
12
Let u(b) = 10*b. Let t(y) = 2*y - 57. Let c be t(21). Let j be (-2)/5*(-3 - -4)*c. Calculate u(j).
60
Let f(t) = 2*t + 4. Suppose -c + 3 + 8 = 0. Let r = c + -8. Calculate f(r).
10
Let o(l) = 63*l + 1008. Let r be o(-16). Let i(j) = -3*j - 4. Give i(r).
-4
Let s(o) be the first derivative of -2 + 1/6*o**4 + 0*o - 1/2*o**3 - 19/2*o**2. Let l(c) be the second derivative of s(c). Give l(-3).
-15
Let x(o) = -15295925*o - 2 + 30591844*o + o**2 - 15295918*o. Let f(v) = v**2 - 6*v + 2. Let w be f(6). What is x(w)?
4
Let h = 289 + -295. Let u be 0 - (h + (-6 - -6)). Let s(o) = o. Give s(u).
6
Let h(u) = 21*u**2 + 7*u - 22. Let b(f) = 37*f**2 + 15*f - 43. Let q(i) = 4*b(i) - 7*h(i). Calculate q(-12).
-6
Let c(a) = -11 - 25*a + 29*a - 39*a**3 + 12*a. Let w(d) = -8*d**3 + 3*d - 2. Let x(h) = -2*c(h) + 11*w(h). Give x(1).
-9
Let g(h) = -4*h**2 + 69*h + 61. Let q(n) = n**3 + 24*n**2 - 215*n + 80. Let k be q(-31). Determine g(k).
7
Let p(v) be the first derivative of -1/20*v**5 + 0*v**4 - 19 + 18*v + 0*v**3 - v**2. L